5. Let v(q) = 6*d(q) + 13*y(q). Give v(-1).
26
Let r(p) = 92*p + 53. Let a(x) = -51*x - 26. Let j(v) = 9*a(v) + 5*r(v). Calculate j(13).
44
Let j(z) = -3*z + 7*z - 5*z + 6*z + 32 + 1. Calculate j(-6).
3
Let p(a) = 6*a - 4. Let g(v) = -12*v + 8. Let u(j) = -3*g(j) - 5*p(j). Let m be (-16)/84 + ((-54400)/714)/(-64). Determine u(m).
2
Let p(j) be the second derivative of -1/2*j**2 + 0 - 47*j - 1/3*j**4 + 1/20*j**5 + 1/2*j**3. Let y = -5 + 8. Calculate p(y).
-1
Let t(n) = -5*n**2 + 14*n - 33. Let u(a) = -34*a**2 + 98*a - 224. Let g(o) = -20*t(o) + 3*u(o). Give g(7).
-12
Suppose 5*d + 23 + 2 = 3*m, 0 = -4*m + d + 39. Let b(w) = w**3 - 9*w**2 - 7*w - 4. Determine b(m).
26
Let b(o) = o**2 - 9*o + 10. Suppose -8 = -27*d + 208. Determine b(d).
2
Let j(v) be the second derivative of v**5/120 - 5*v**4/8 + 31*v**3/3 + 15*v - 8. Let u(b) be the second derivative of j(b). Calculate u(6).
-9
Let r be 1032/258 + (-3 - -1). Let v(d) = -9*d**2 + 3*d - 8. Calculate v(r).
-38
Let f(i) = -i**2 - 75*i - 10. Let r(j) = -27*j**2 - 1985*j - 257. Let s(d) = 53*f(d) - 2*r(d). Let g be (0 - 1) + 3 + 6. Calculate s(g).
8
Let w(o) = o**2 - 3*o - 3. Suppose 0 = 3*a - 3*d, 0 = 4*a - 9*a - d + 24. Suppose a*p - 23 = -7. What is w(p)?
1
Let c(x) be the third derivative of x**6/60 - x**5/6 - x**3/3 - 159*x**2 - 3*x - 1. Give c(5).
-2
Let o(q) = 5*q**2 - 477*q - 478. Let h be o(-1). Let b(k) = 23*k - 1. Give b(h).
91
Let f(t) = -3*t**2 - 45*t + 1. Let a(r) = 6*r**2 + 76*r - 3. Let d(k) = 3*a(k) + 5*f(k). Let c(n) = n**2 + 7*n + 3. Let z be c(-6). Give d(z).
14
Let p(x) be the first derivative of -x**3/3 - 7*x**2/2 + 7*x + 1. Suppose -i + 25 = -5*n, 975*n = 976*n + 5*i + 31. Give p(n).
13
Let a(d) = d**2 - d + 4. Let b = 1289 - 1289. Determine a(b).
4
Let s be 4/6*27/6. Suppose x + 2 = 5*t, -4 = -s*t + 2*t - x. Let v(w) = 7*w**3 - 2*w**2 + 1. Calculate v(t).
6
Let d(o) = 10*o + 1. Let j be (5/(-125)*-5)/(((-90)/10)/(-315)). Determine d(j).
71
Let m(o) be the first derivative of 0*o**2 + 3 + 6*o - 1/3*o**3. Let g(y) = 35*y - 70. Let c be g(2). Give m(c).
6
Let i be 4/((-32)/6)*(-2520)/270. Let z(o) = o**3 - 7*o**2 + 4*o + 6. Calculate z(i).
34
Let d(q) be the third derivative of 1/12*q**4 + 0 + 0*q - 1/2*q**3 + 1/60*q**5 - 13*q**2. Suppose -4*i - 20 + 3 = -k, -3*k = -i - 18. What is d(i)?
0
Suppose -17 - 7 = 4*l. Suppose -q - 5 = -5*h - 15, -10 = -3*q - 5*h. Let k(d) = -q*d - 4*d + 8*d + 10 + 2*d. Give k(l).
4
Suppose 5*q + 2*q = 126. Let u be (-130)/q - 14/(-63). Let b = u + 7. Let k(m) = m**2 - m + 16. Determine k(b).
16
Let o(m) = 18 + 5*m + 8*m + 14 + 14*m - 6*m. Let x(s) = -8*s - 11. Let w(q) = -4*o(q) - 11*x(q). Determine w(2).
1
Let a(i) = 39*i + 14*i + 15291 + 3*i**2 - 15328. What is a(-18)?
-19
Suppose 0*d = 2*d - 4. Let r(x) = 1 - x**2 + 6*x + d - x. Suppose 2*u - 4 - 8 = -2*s, 5*u = 4*s - 24. Determine r(s).
-3
Let l(i) = i**3 + 27*i**2 + 3*i + 85. Let b be l(-27). Suppose 4*a - 9*a - 3*z - 8 = 0, 8 = -b*a - 4*z. Let t(h) = 18*h + 1. Calculate t(a).
-17
Let v(d) = -d**3 - 8*d**2 + 8*d - 12. Suppose -4*w + z + 4*z + 31 = 0, -w + 2*z = -4. Let k = -230 + 253. Let t = w - k. What is v(t)?
-3
Let s(z) = 1593*z + 255. Let w(f) = -101*f - 16. Let c(a) = -4*s(a) - 63*w(a). Give c(5).
-57
Let j(c) = c**3 - 11*c**2 - 17*c + 16. Suppose -3*f = -p - 6, 726*p + 54 = 730*p + f. Determine j(p).
-44
Let w(c) be the first derivative of 68 + 0*c**3 + 1/4*c**4 + 1/2*c**2 + 22*c. What is w(0)?
22
Let a(l) be the first derivative of 3*l**2/2 + 7*l + 199. Let v(t) = t**2 + 7*t + 1. Let f be v(-5). Determine a(f).
-20
Let v(p) = -p**3 + 6*p**2 + 9*p + 9. Suppose 114 = -7*t - 26. Let s be (-4)/3 + t/(-6) + 5. What is v(s)?
23
Let z(d) be the third derivative of -d**4/12 - d**3/2 + 80*d**2 + d. Let n(j) = j**3 - 8*j**2 + 10*j - 8. Let p be n(7). Suppose -p = s - 10. Calculate z(s).
3
Suppose 7*g + 93 = 4*d + 10*g, -4*d = 2*g - 86. Let p(f) = -f**2 + 17*f + 13. Give p(d).
-5
Let i(d) = 14*d**2 + 11*d - 4. Let y be i(5). Let o = -401 + y. Let p(n) = -2*n + 2. Calculate p(o).
2
Let m = 137 - 134. Let w(t) = 202*t**2 - 3 - 102*t**2 + t**m + 2*t - 96*t**2. Let q = -9 - -6. Give w(q).
0
Suppose -4*s + 0*g + 2*g - 18 = 0, 4*g - 16 = 3*s. Suppose 2*r = 6*f - f - 12683, 5*f + 2*r = 12667. Let a(h) = -2530*h + 2 + 0 + f*h. Determine a(s).
-18
Let w(y) = -y**3 + 24*y**2 - 29*y + 4. Let m(a) = -3*a**3 + 69*a**2 - 82*a + 11. Let t(x) = -4*m(x) + 11*w(x). Determine t(11).
-22
Let z(m) = -m**2 - 28*m - 24. Let f(o) = -30*o**2 - 120*o + 124. Let w be f(1). Give z(w).
28
Suppose 5*q - 15 = 0, -3*p = -q - 9 - 0. Suppose -4 = -p*n - n - 2*j, 2 = j. Suppose -2*i + 10*i - 16 = n. Let t(o) = o**2 - o - 1. What is t(i)?
1
Let l(i) = -2691*i - 1 + 5*i**2 - 4*i**2 - 6*i**2 + 2687*i - 3. What is l(-2)?
-16
Suppose -2*f - 14 = f - 4*q, f + 4*q - 22 = 0. Let d(g) be the third derivative of g**6/60 - g**5/15 + g**4/6 - g**3/3 + 922*g**2. What is d(f)?
6
Suppose -2*c - 13 = h + 2*c, 3*h = -4*c - 31. Let m(g) = -g**3 - 9*g**2 + g + 12. Calculate m(h).
3
Let o(a) = -2*a - 1. Suppose -12*v + 16 = -4*v. Suppose -6*c + 5*c = -v. Suppose 0*s = c*s + 3*h - 6, 5*h - 20 = 0. Give o(s).
5
Suppose -224*b + 1122 = 16*b - 798. Let o(f) = -f**2 + 9*f - 28. Calculate o(b).
-20
Let q(v) = 2*v**3 - 2*v**2 + v. Suppose 50*k = 37*k + 10608. Let t = k - 815. Give q(t).
1
Let h(w) = w**3 + 21*w**2 + w + 5. Let q = 654 - 675. What is h(q)?
-16
Let d(x) = 2*x**3 + x**2 - 5*x - 1. Let n be d(-1). Suppose 1 - 13 = -3*m. Let l(z) = -5*z**3 - z + m*z**n - 21*z**2 - 11 + 20*z**2. Give l(0).
-11
Let s(v) = v**2 - 12*v + 5. Let c(g) = 3 + 5 - 8 + 2*g - 2 - g**2 + 0*g. Let j(d) = 2*c(d) + s(d). Give j(-7).
8
Let i(m) = 20*m**2 - 1. Let f(o) = o**3 - 9*o**2 + 11*o - 1. Let n be f(5). Let s = n - -45. What is i(s)?
19
Let a(b) = -2*b**2 + 8*b + 9. Let x(j) = 136*j + 277. Let n be x(-2). Calculate a(n).
-1
Let z(y) = -25*y**3 - 1 + 13*y**3 + 22*y**3 + 2*y**2. Give z(1).
11
Let i = -112 - -187. Let n = i - 69. Let l(v) = -v - 37. Let d(w) = 9. Let c(q) = 9*d(q) + 2*l(q). Determine c(n).
-5
Let z(a) = a**2 + 80. Let i be z(-13). Let n(p) = -80*p - 13 - 85*p + i*p - 83*p. Determine n(11).
-2
Let j(d) = 4*d + 4. Suppose -10*k + 7*k - 3 = 0. Let w be j(k). Suppose y + 7*y + 40 = w. Let t(p) = p**2 + 5*p - 2. What is t(y)?
-2
Suppose -3*s - 10 = -2*s. Let t(b) = -4*b**3 - b**2 - 42*b - 106. Let y(w) = -w**3 - 2*w**2 - 6*w - 20. Let v(n) = t(n) - 5*y(n). What is v(s)?
14
Let i(t) = -t + 5291 - 5290 + 11*t. What is i(-3)?
-29
Suppose l + 4*i = 28, 0 = -2*l + i - 36 + 56. Let p(h) = 2*h**2 - 26*h + 1. Determine p(l).
-23
Let t(o) = -o + 62. Let g(f) = f + 186. Let a(p) = 4*g(p) - 13*t(p). What is a(3)?
-11
Let s(w) be the second derivative of 1/12*w**4 + 8*w**2 - 10/3*w**3 + 9*w - 4. Determine s(19).
-3
Let a(s) = 4*s**2 + 38*s + 25. Let b(v) = -v**2 - 13*v - 8. Let r(z) = 2*a(z) + 7*b(z). Let q be r(14). Let k = -17 - q. Let c(l) = l - 5. Give c(k).
-2
Let y(u) = -u**2 - 14*u + 7. Let h(k) = -28*k + 24. Let z be h(-3). Suppose -5*g - z = -33. Give y(g).
-8
Let l = -76 + 135. Let h = -46 + l. Let p = 18 - h. Let y(q) = q**2 - 4*q - 5. What is y(p)?
0
Let r be ((-336)/588)/((-1)/7). Let w(y) = 4 - 4942*y + 4941*y - r. What is w(-4)?
4
Let i(o) = 0*o**2 + 2*o + 0 - 5*o**2 + 3 + o**3. Let k = -133205 - -133209. What is i(k)?
-5
Suppose 0 = 5*v - 3*y - 766, -5*v + 2*y + 763 = -2*y. Let w = -105 + v. Suppose -15*t = -5*t + w. Let x(c) = -c**2 - 6*c - 5. Give x(t).
0
Let f(x) = -x**3 - 7*x**2 - 10*x - 3. Let p be 90/10*(-2 + (-25)/(-15)). What is f(p)?
-9
Let z(y) be the third derivative of -1/6*y**3 - 2*y + 1/20*y**6 + 1/24*y**4 + 1/30*y**5 + 14*y**2 + 0. What is z(-1)?
-6
Let w(a) = -a**2 - 8*a + 1. Suppose 0 = -4*t + 3*v + 29, 5*v + 4 = -t + 2*v. Suppose 5*o = -t*m - 60, 23 + 9 = -5*m + 2*o. Calculate w(m).
1
Suppose -5*o = 15, u + 3*u - 4*o = 0. Let p(j) be the first derivative of -1/3*j**3 + 93 + 3*j - 1/2*j**2. Determine p(u).
-3
Let o(p) = -2*p**3 - 2*p**2 - p. Let z(u) = u**2 - 3*u - 5. Let l = -12 + 10. Let n be z(l). Let t be n*(12/20 - 1). Determine o(t).
10
Suppose 5*l + 117 = 4*o - o, 0 = -2*o + 3*l + 79. Let h(r) = 2 - 18*r - 24*r - 4*r**3 + o*r + r**2. Calculate h(-1).
5
Let r(g) = 7*g + 12. Suppose -d + 19*b - 22*b = 3, 0 = 2*d - 4*b + 16. What is r(